by 26?
25
What is the remainder when 964 is divided by 143?
106
Calculate the remainder when 1754 is divided by 9.
8
What is the remainder when 818 is divided by 5?
3
Calculate the remainder when 271 is divided by 53.
6
Calculate the remainder when 139 is divided by 98.
41
Calculate the remainder when 149 is divided by 133.
16
What is the remainder when 1637 is divided by 537?
26
Calculate the remainder when 833 is divided by 148.
93
What is the remainder when 54 is divided by 29?
25
What is the remainder when 42 is divided by 24?
18
Calculate the remainder when 306 is divided by 28.
26
Calculate the remainder when 54 is divided by 32.
22
What is the remainder when 3597 is divided by 40?
37
What is the remainder when 165 is divided by 8?
5
Calculate the remainder when 12049 is divided by 287.
282
What is the remainder when 296 is divided by 6?
2
Calculate the remainder when 2558 is divided by 13.
10
Calculate the remainder when 77 is divided by 40.
37
What is the remainder when 582 is divided by 62?
24
What is the remainder when 205 is divided by 75?
55
What is the remainder when 429 is divided by 50?
29
What is the remainder when 99 is divided by 25?
24
Calculate the remainder when 48 is divided by 37.
11
What is the remainder when 1591 is divided by 114?
109
Calculate the remainder when 9881 is divided by 61.
60
Calculate the remainder when 3870 is divided by 966.
6
Calculate the remainder when 1334 is divided by 75.
59
What is the remainder when 134 is divided by 50?
34
Calculate the remainder when 6250 is divided by 693.
13
Calculate the remainder when 229 is divided by 59.
52
Calculate the remainder when 2790 is divided by 923.
21
Calculate the remainder when 253 is divided by 116.
21
What is the remainder when 366 is divided by 23?
21
What is the remainder when 1313 is divided by 94?
91
What is the remainder when 216 is divided by 38?
26
What is the remainder when 61 is divided by 22?
17
Calculate the remainder when 173 is divided by 44.
41
What is the remainder when 1436 is divided by 21?
8
Calculate the remainder when 1316 is divided by 625.
66
Calculate the remainder when 92 is divided by 12.
8
What is the remainder when 79 is divided by 37?
5
Calculate the remainder when 604 is divided by 151.
0
Calculate the remainder when 37 is divided by 26.
11
What is the remainder when 105 is divided by 42?
21
Calculate the remainder when 11968 is divided by 38.
36
Calculate the remainder when 468 is divided by 395.
73
Calculate the remainder when 201 is divided by 71.
59
Calculate the remainder when 128 is divided by 22.
18
What is the remainder when 62 is divided by 21?
20
Calculate the remainder when 3750 is divided by 27.
24
Calculate the remainder when 367 is divided by 53.
49
Calculate the remainder when 3047 is divided by 122.
119
Calculate the remainder when 152 is divided by 72.
8
What is the remainder when 1646 is divided by 16?
14
What is the remainder when 8366 is divided by 2787?
5
What is the remainder when 1175 is divided by 21?
20
Calculate the remainder when 221 is divided by 16.
13
Calculate the remainder when 789 is divided by 22.
19
Calculate the remainder when 419 is divided by 12.
11
What is the remainder when 597 is divided by 6?
3
What is the remainder when 289 is divided by 128?
33
Calculate the remainder when 7985 is divided by 18.
11
Calculate the remainder when 894 is divided by 179.
178
Calculate the remainder when 4442 is divided by 39.
35
What is the remainder when 54 is divided by 10?
4
Calculate the remainder when 196 is divided by 22.
20
Calculate the remainder when 235 is divided by 32.
11
Calculate the remainder when 1674 is divided by 555.
9
What is the remainder when 135 is divided by 46?
43
What is the remainder when 321 is divided by 62?
11
Calculate the remainder when 193 is divided by 39.
37
Calculate the remainder when 27 is divided by 27.
0
Calculate the remainder when 2050 is divided by 405.
25
What is the remainder when 702 is divided by 16?
14
Calculate the remainder when 196 is divided by 92.
12
What is the remainder when 308 is divided by 24?
20
What is the remainder when 708 is divided by 68?
28
Calculate the remainder when 30 is divided by 11.
8
Calculate the remainder when 4208 is divided by 13.
9
Calculate the remainder when 104 is divided by 68.
36
Calculate the remainder when 338 is divided by 18.
14
What is the remainder when 104 is divided by 49?
6
Calculate the remainder when 246 is divided by 59.
10
Calculate the remainder when 22 is divided by 11.
0
What is the remainder when 1597 is divided by 293?
132
What is the remainder when 1964 is divided by 20?
4
Calculate the remainder when 88 is divided by 9.
7
Calculate the remainder when 456 is divided by 416.
40
What is the remainder when 585 is divided by 27?
18
Calculate the remainder when 568 is divided by 38.
36
Calculate the remainder when 31 is divided by 9.
4
Calculate the remainder when 657 is divided by 7.
6
What is the remainder when 1538 is divided by 23?
20
Calculate the remainder when 538 is divided by 174.
16
Calculate the remainder when 593 is divided by 116.
13
What is the remainder when 141 is divided by 9?
6
What is the remainder when 5809 is divided by 32?
17
Calculate the remainder when 335 is divided by 78.
23
What is the remainder when 358 is divided by 12?
10
What is the remainder when 12285 is divided by 439?
432
Calculate the remainder when 332 is divided by 78.
20
Calculate the remainder when 19108 is divided by 9549.
10
What is the remainder when 169 is divided by 51?
16
Calculate the remainder when 321 is divided by 136.
49
Calculate the remainder when 164 is divided by 9.
2
Calculate the remainder when 172 is divided by 27.
10
What is the remainder when 317 is divided by 55?
42
Calculate the remainder when 2296 is divided by 3.
1
Calculate the remainder when 122 is divided by 34.
20
Calculate the remainder when 223 is divided by 77.
69
Calculate the remainder when 219 is divided by 28.
23
What is the remainder when 17 is divided by 4?
1
What is the remainder when 65 is divided by 30?
5
What is the remainder when 92 is divided by 12?
8
Calculate the remainder when 800 is divided by 121.
74
Calculate the remainder when 168 is divided by 34.
32
What is the remainder when 1858 is divided by 205?
13
What is the remainder when 379 is divided by 24?
19
Calculate the remainder when 160 is divided by 54.
52
Calculate the remainder when 53 is divided by 8.
5
Calculate the remainder when 66299 is divided by 52.
51
Calculate the remainder when 744 is divided by 88.
40
What is the remainder when 64 is divided by 37?
27
Calculate the remainder when 146 is divided by 55.
36
What is the remainder when 1250 is divided by 180?
170
What is the remainder when 5793 is divided by 92?
89
Calculate the remainder when 9606 is divided by 31.
27
Calculate the remainder when 53 is divided by 6.
5
Calculate the remainder when 3938 is divided by 53.
16
What is the remainder when 75 is divided by 73?
2
What is the remainder when 61 is divided by 61?
0
Calculate the remainder when 1000 is divided by 32.
8
Calculate the remainder when 1171 is divided by 20.
11
What is the remainder when 1327 is divided by 70?
67
Calculate the remainder when 2351 is divided by 22.
19
What is the remainder when 2577 is divided by 1285?
7
What is the remainder when 257 is divided by 10?
7
Calculate the remainder when 225 is divided by 72.
9
What is the remainder when 220 is divided by 70?
10
Calculate the remainder when 357 is divided by 6.
3
Calculate the remainder when 457 is divided by 118.
103
What is the remainder when 117 is divided by 35?
12
Calculate the remainder when 69 is divided by 11.
3
What is the remainder when 2673 is divided by 178?
3
What is the remainder when 5738 is divided by 140?
138
What is the remainder when 1302 is divided by 11?
4
What is the remainder when 8771 is divided by 102?
101
What is the remainder when 830 is divided by 272?
14
Calculate the remainder when 846 is divided by 172.
158
What is the remainder when 484 is divided by 71?
58
Calculate the remainder when 383 is divided by 43.
39
Calculate the remainder when 382 is divided by 39.
31
What is the remainder when 183 is divided by 28?
15
Calculate the remainder when 1956 